e number?
False
Is 26857 a prime number?
False
Is 19253 composite?
True
Is 146347 a prime number?
True
Is 223589 composite?
False
Is 17002 composite?
True
Is 1661059 composite?
False
Is 91 a prime number?
False
Is 62547 a composite number?
True
Is 965581 prime?
False
Is 901 composite?
True
Is 613007 prime?
True
Is 6746 prime?
False
Is 600962 composite?
True
Is 104971 prime?
True
Is 29819 prime?
True
Is 1319 composite?
False
Is 2720023 a composite number?
True
Is 34318 a prime number?
False
Is 34583 composite?
False
Is 11281 composite?
True
Is 4265 composite?
True
Is 47347 a composite number?
True
Is 4181 a prime number?
False
Is 413477 composite?
False
Is 361313 composite?
False
Is 83117 a prime number?
True
Is 44047 a composite number?
True
Is 86753 a composite number?
False
Is 12937 a composite number?
True
Is 78557 composite?
True
Is 256441 a composite number?
False
Is 49711 a prime number?
True
Is 77911 a composite number?
True
Is 464909 a prime number?
True
Is 6749 prime?
False
Is 230567 a prime number?
True
Is 72859 a composite number?
False
Is 3511 prime?
True
Is 3593 a prime number?
True
Is 16311 a composite number?
True
Is 251645 a prime number?
False
Is 82691 composite?
True
Is 113497 a composite number?
False
Is 1259 a composite number?
False
Is 120521 a prime number?
False
Is 10243 prime?
True
Is 21911 a prime number?
True
Is 142403 a composite number?
False
Is 48073 a composite number?
False
Is 544223 composite?
False
Is 57917 a prime number?
True
Is 24607 composite?
True
Is 607463 composite?
True
Is 1766933 a composite number?
True
Is 1202129 composite?
False
Is 564593 composite?
False
Is 16333 a composite number?
False
Is 10831 prime?
True
Is 760469 prime?
False
Is 2609 prime?
True
Is 364801 composite?
False
Is 54887 prime?
False
Is 418109 a prime number?
True
Is 9677 composite?
False
Is 631 a composite number?
False
Is 582527 composite?
True
Is 239905 a prime number?
False
Is 89 prime?
True
Is 375341 prime?
True
Is 48851 composite?
True
Is 5471 prime?
True
Is 251 a composite number?
False
Is 19921 composite?
True
Is 6941 a composite number?
True
Is 3821 a prime number?
True
Is 85049 a composite number?
False
Is 1982 a prime number?
False
Is 2347435 prime?
False
Is 91897 a composite number?
True
Is 87155 a prime number?
False
Is 250907 composite?
True
Is 11369 a prime number?
True
Is 454 a composite number?
True
Is 9181 a prime number?
True
Is 211859 a composite number?
False
Is 224279 a composite number?
True
Is 31199 a composite number?
True
Is 53783 a composite number?
False
Is 98063 composite?
True
Is 1871 prime?
True
Is 1488931 prime?
True
Is 2359 a composite number?
True
Is 76667 a prime number?
True
Is 13961 a prime number?
False
Is 449431 composite?
True
Is 44101 a prime number?
True
Is 8051 composite?
True
Is 80137 prime?
False
Is 113683 composite?
False
Is 12763 prime?
True
Is 86761 a composite number?
True
Is 14029 a composite number?
False
Is 649183 composite?
False
Is 244633 a prime number?
True
Is 4265 prime?
False
Is 75793 prime?
True
Is 127 composite?
False
Is 17113 a composite number?
True
Is 518233 composite?
False
Is 767489 a composite number?
False
Is 1585139 prime?
False
Is 369353 prime?
True
Is 429545 composite?
True
Is 12941 composite?
False
Is 68647 composite?
True
Is 860009 a composite number?
False
Is 13439 a composite number?
True
Is 57911 prime?
False
Is 3168757 a prime number?
True
Is 48629 composite?
True
Is 70769 prime?
True
Is 5625109 a composite number?
True
Is 114713 a prime number?
True
Is 12799 a composite number?
False
Is 7559 prime?
True
Is 22409 a prime number?
True
Is 241847 a prime number?
True
Is 29101 composite?
False
Is 114074 composite?
True
Is 151033 composite?
True
Is 32493 composite?
True
Is 15787 a composite number?
False
Is 53203 a composite number?
True
Is 28877 composite?
True
Is 1559113 prime?
True
Is 81859 prime?
False
Is 2203 composite?
False
Is 134129 prime?
True
Is 89834 composite?
True
Is 724127 prime?
False
Is 29741 a composite number?
False
Is 148609 a composite number?
False
Is 91229 a composite number?
False
Is 18317 a prime number?
False
Is 51403 a composite number?
True
Is 32221 a prime number?
False
Is 2203 a prime number?
True
Is 84967 composite?
False
Is 1759 composite?
False
Is 19913 a prime number?
True
Is 39293 composite?
False
Is 168229 a composite number?
True
Is 88685 a prime number?
False
Is 203591 prime?
True
Is 2161 composite?
False
Is 344611 composite?
False
Is 76951 a prime number?
False
Is 1357 a composite number?
True
Is 256705 composite?
True
Is 9407 a prime number?
False
Is 118817 prime?
False
Is 220771 prime?
True
Is 12689 prime?
True
Is 52513 composite?
True
Is 1538297 prime?
False
Is 41623 a composite number?
True
Is 56939 a prime number?
False
Is 28487 a prime number?
False
Is 471547 a prime number?
False
Is 8279 a prime number?
False
Is 514 composite?
True
Is 52627 composite?
False
Is 258617 a prime number?
True
Is 10786 composite?
True
Is 120703 composite?
True
Is 350153 a composite number?
True
Is 46711 composite?
True
Is 29833 a prime number?
True
Is 57497 prime?
False
Is 101369 a composite number?
True
Is 37915 composite?
True
Is 108863 composite?
False
Is 64097 a prime number?
False
Is 54869 composite?
False
Is 1971209 prime?
True
Is 28453 a composite number?
True
Is 98191 prime?
False
Is 591233 a composite number?
False
Is 51215 prime?
False
Is 248057 a composite number?
False
Is 35797 composite?
False
Is 4127 a prime number?
True
Is 285313 composite?
True
Is 449 a prime number?
True
Is 13415 a prime number?
False
Is 28321 prime?
False
Is 2633 composite?
False
Is 103511 a prime number?
True
Is 94249 composite?
True
Is 307373 a prime number?
False
Is 113819 a prime number?
True
Is 26569 a composite number?
True
Is 32171 prime?
False
Is 20219 composite?
False
Is 23251 composite?
False
Is 5147 prime?
True
Is 6743 a prime number?
False
Is 9803 a composite number?
False
Is 7241 prime?
False
Is 22613 composite?
False
Is 10261 composite?
True
Is 4153 a prime number?
True
Is 136009 a composite number?
True
Is 7393 a composite number?
False
Is 221771 composite?
True
Is 41161 composite?
False
Is 36187 a prime number?
True
Is 1020541 composite?
False
Is 15629 composite?
False
Is 487361 composite?
True
Is 47735 a prime number?
False
Is 7835 prime?
False
Is 67739 a prime number?
False
Is 18517 a composite number?
False
Is 13791 a composite number?
True
Is 456311 a prime number?
False
Is 45403 a composite number?
False
Is 8021 a prime number?
False
Is 437729 composite?
False
Is 389881 prime?
False
Is 136511 composite?
False
Is 11035 a prime number?
False
Is 12203 a composite number?
False
Is 613 prime?
True
Is 3551 prime?
False
Is 44413 composite?
True
Is 1160867 a prime number?
True
Is 14743 prime?
False
Is 6787 prime?
False
Is 1522769 a prime number?
True
Is 2014391 prime?
False
Is 2129 a composite number?
False
Is 8939 composite?
True
Is 56617 a composite number?
True
Is 40213 composite?
False
Is 164153 a prime number?
False
Is 102793 composite?
False
Is 264626 prime?
False
Is 1567327 a prime number?
True
Is 104537 a prime number?
True
Is 253097 a composite number?
True
Is 171493 composite?
True
Is 248363 prime?
False
Is 268477 a prime number?
False
Is 1903 a composite number?
True
Is 128431 prime?
True
Is 152563 a prime number?
True
Is 460654 a composite number?
True
Is 25791 a prime number?
False
Is 409813 prime?
True
Is 102743 a composite number?
True
Is 28283 composite?
False
Is 19857 a prime number?
False
Is 175493 composite?
False
Is 711209 prime?
True
Is 30669 a prime number?
False
Is 29413 prime?
False
Is 48219 composite?
True
Is 43819 prime?
False
Is 146477 prime?
True
Is 4499 prime?
False
Is 2102605 composite?
True
Is 138179 prime?
True
Is 46063 a prime number?
False
Is 328439 composite?
False
Is 193399 composite?
True
Is 41381 prime?
True
Is 865 composite?
True
Is 43847 composite?
True
Is 14281 prime?
True
Is 486971 a prime number?
True
Is 11551 a prime number?
True
Is 90353 a prime number?
True
Is 4583 a composite number?
False
Is 98849 a prime number?
True
Is 28694 composite?
True
Is 2178095 composite?
True
Is 23369 a prime number?
True
Is 14683 prime?
True
Is 18431 composite?
True
Is 10729 a prime number?
True
Is 293 a composite 